{"id":290,"date":"2020-04-26T20:06:47","date_gmt":"2020-04-26T18:06:47","guid":{"rendered":"https:\/\/www.memsys.it\/news\/?page_id=290"},"modified":"2020-05-03T01:05:48","modified_gmt":"2020-05-02T23:05:48","slug":"memory-system-news-4","status":"publish","type":"page","link":"https:\/\/www.memsys.it\/news\/es\/memory-system-news-4\/","title":{"rendered":"Presentaci\u00f3n (ES)"},"content":{"rendered":"\n<h3 class=\"wp-block-heading\">Presentaci\u00f3n &#8211; MEMORY SYSTEM news<\/h3>\n\n\n\n<p>Esta secci\u00f3n del sitio web, <a href=\"https:\/\/www.memsys.it\/memsys\/en\/home-en\/\" target=\"_blank\" rel=\"noreferrer noopener\">Memory System<\/a> news,  fue creada para alojar toda la informaci\u00f3n y noticias relacionadas con las actividades de la Compa\u00f1\u00eda.<br>Activo en el mercado italiano durante <strong>m\u00e1s de 30 a\u00f1os<\/strong>, Memory System ha establecido su negocio en servicio y reparaci\u00f3n electr\u00f3nica.<\/p>\n\n\n\n<div class=\"wp-block-image\"><figure class=\"alignright size-large is-resized\"><img decoding=\"async\" loading=\"lazy\" src=\"https:\/\/www.memsys.it\/news\/wp-content\/uploads\/2020\/05\/Logo-MS-news-3-1024x376.jpg\" alt=\"Home (es) - MEMORY SYSTEM news\" class=\"wp-image-291\" width=\"256\" height=\"94\" srcset=\"https:\/\/www.memsys.it\/news\/wp-content\/uploads\/2020\/05\/Logo-MS-news-3-1024x376.jpg 1024w, https:\/\/www.memsys.it\/news\/wp-content\/uploads\/2020\/05\/Logo-MS-news-3-300x110.jpg 300w, https:\/\/www.memsys.it\/news\/wp-content\/uploads\/2020\/05\/Logo-MS-news-3-768x282.jpg 768w, https:\/\/www.memsys.it\/news\/wp-content\/uploads\/2020\/05\/Logo-MS-news-3-1536x563.jpg 1536w, https:\/\/www.memsys.it\/news\/wp-content\/uploads\/2020\/05\/Logo-MS-news-3.jpg 1772w\" sizes=\"(max-width: 256px) 100vw, 256px\" \/><\/figure><\/div>\n\n\n\n<p>El servicio ofrecido por Memory System, por lo tanto, tiene dos sectores principales; el sector industrial y el sector de tecnolog\u00eda de la informaci\u00f3n.<br>En el campo industrial, en primer lugar, normalmente hablamos de la reparaci\u00f3n de instrumentos electr\u00f3nicos y\/o equipos industriales; en el campo de TI, el servicio se refiere a algunos tipos de computadoras personales y perif\u00e9ricos de <a href=\"https:\/\/www.apple.com\/es\/\" target=\"_blank\" rel=\"noreferrer noopener\">Apple<\/a>.<\/p>\n\n\n\n<p>Como puede ver, al desplazarse por las p\u00e1ginas del sitio web oficial, los equipos y herramientas para los que ofrecemos nuestro servicio son muchos.<br>Hemos incluido instrumentos de medici\u00f3n de presi\u00f3n ac\u00fastica, calibradores de sonometros, equipos y accesorios para an\u00e1lisis de gases de escape. Tambi\u00e9n hay algunas CPU de <a rel=\"noreferrer noopener\" href=\"https:\/\/www.apple.com\/es\/\" target=\"_blank\">Apple<\/a>, que a pesar de estar fuera de producci\u00f3n, todav\u00eda son utilizadas por muchos profesionales.<br>Tambi\u00e9n es posible encontrar algunos equipos para grandes eventos.<\/p>\n\n\n\n<p>Esta secci\u00f3n ha sido creada para proporcionar detalles sobre los dispositivos e instrumentos adicionales en los que operamos, recientemente introducidos en nuestra cartera de servicios, para darles visibilidad en comparaci\u00f3n con las secciones cl\u00e1sicas del sitio web oficial.<\/p>\n\n\n\n<p>M\u00e1s detalles est\u00e1n disponibles en las p\u00e1ginas del sitio web.<\/p>\n\n\n\n<figure class=\"wp-block-audio\"><audio controls src=\"https:\/\/www.memsys.it\/news\/wp-content\/uploads\/2020\/05\/Home-MS-es.mp3\"><\/audio><\/figure>\n","protected":false},"excerpt":{"rendered":"<p>Presentaci\u00f3n &#8211; MEMORY SYSTEM news Esta secci\u00f3n del sitio web, Memory System news, fue creada para alojar toda la informaci\u00f3n y noticias relacionadas con las actividades de la Compa\u00f1\u00eda.Activo en el mercado italiano durante m\u00e1s de 30 a\u00f1os, Memory System ha establecido su negocio en servicio y reparaci\u00f3n electr\u00f3nica. El servicio ofrecido por Memory System, [&hellip;]<\/p>\n","protected":false},"author":1,"featured_media":276,"parent":0,"menu_order":0,"comment_status":"closed","ping_status":"closed","template":"","meta":[],"yoast_head":"<!-- This site is optimized with the Yoast SEO plugin v16.3 - https:\/\/yoast.com\/wordpress\/plugins\/seo\/ -->\r\n<title>Memory System news - what&#039;s news on - presentaci\u00f3n<\/title>\r\n<meta name=\"description\" content=\"MEMORY SYSTEM NEWS: esta secci\u00f3n del sitio web de Memory System, fue creada para alojar toda la informaci\u00f3n y noticias relacionadas con el negocio ...\" \/>\r\n<meta name=\"robots\" content=\"index, follow, max-snippet:-1, max-image-preview:large, max-video-preview:-1\" \/>\r\n<link rel=\"canonical\" href=\"https:\/\/www.memsys.it\/news\/es\/memory-system-news-4\/\" \/>\r\n<meta property=\"og:locale\" content=\"it_IT\" \/>\r\n<meta property=\"og:type\" content=\"article\" \/>\r\n<meta property=\"og:title\" content=\"Memory System news - what&#039;s news on - presentaci\u00f3n\" \/>\r\n<meta property=\"og:description\" content=\"MEMORY SYSTEM NEWS: esta secci\u00f3n del sitio web de Memory System, fue creada para alojar toda la informaci\u00f3n y noticias relacionadas con el negocio ...\" \/>\r\n<meta property=\"og:url\" content=\"https:\/\/www.memsys.it\/news\/es\/memory-system-news-4\/\" \/>\r\n<meta property=\"og:site_name\" content=\"Memory System news\" \/>\r\n<meta property=\"article:publisher\" content=\"https:\/\/www.facebook.com\/Memory-System-2025922064298104\/\" \/>\r\n<meta property=\"article:modified_time\" content=\"2020-05-02T23:05:48+00:00\" \/>\r\n<meta property=\"og:image\" content=\"https:\/\/www.memsys.it\/news\/wp-content\/uploads\/2020\/05\/Logo-MS-news.jpg\" \/>\r\n\t<meta property=\"og:image:width\" content=\"1772\" \/>\r\n\t<meta property=\"og:image:height\" content=\"650\" \/>\r\n<meta name=\"twitter:card\" content=\"summary_large_image\" \/>\r\n<meta name=\"twitter:label1\" content=\"Tempo di lettura stimato\">\n\t<meta name=\"twitter:data1\" content=\"1 minuto\">\r\n<script type=\"application\/ld+json\" class=\"yoast-schema-graph\">{\"@context\":\"https:\/\/schema.org\",\"@graph\":[{\"@type\":\"Organization\",\"@id\":\"https:\/\/www.memsys.it\/news\/#organization\",\"name\":\"MEMORY SYSTEM\",\"url\":\"https:\/\/www.memsys.it\/news\/\",\"sameAs\":[\"https:\/\/www.facebook.com\/Memory-System-2025922064298104\/\",\"https:\/\/www.linkedin.com\/company\/memory-system-ita\/\",\"https:\/\/www.youtube.com\/channel\/UCJTNuhlqVtUyelL8MjcXiuA\"],\"logo\":{\"@type\":\"ImageObject\",\"@id\":\"https:\/\/www.memsys.it\/news\/#logo\",\"inLanguage\":\"it-IT\",\"url\":\"https:\/\/www.memsys.it\/news\/wp-content\/uploads\/2020\/04\/Memory_Marchio.png\",\"contentUrl\":\"https:\/\/www.memsys.it\/news\/wp-content\/uploads\/2020\/04\/Memory_Marchio.png\",\"width\":1772,\"height\":522,\"caption\":\"MEMORY SYSTEM\"},\"image\":{\"@id\":\"https:\/\/www.memsys.it\/news\/#logo\"}},{\"@type\":\"WebSite\",\"@id\":\"https:\/\/www.memsys.it\/news\/#website\",\"url\":\"https:\/\/www.memsys.it\/news\/\",\"name\":\"Memory System news\",\"description\":\"the latest news from MS\",\"publisher\":{\"@id\":\"https:\/\/www.memsys.it\/news\/#organization\"},\"potentialAction\":[{\"@type\":\"SearchAction\",\"target\":\"https:\/\/www.memsys.it\/news\/?s={search_term_string}\",\"query-input\":\"required name=search_term_string\"}],\"inLanguage\":\"it-IT\"},{\"@type\":\"ImageObject\",\"@id\":\"https:\/\/www.memsys.it\/news\/es\/memory-system-news-4\/#primaryimage\",\"inLanguage\":\"it-IT\",\"url\":\"https:\/\/www.memsys.it\/news\/wp-content\/uploads\/2020\/05\/Logo-MS-news.jpg\",\"contentUrl\":\"https:\/\/www.memsys.it\/news\/wp-content\/uploads\/2020\/05\/Logo-MS-news.jpg\",\"width\":1772,\"height\":650,\"caption\":\"Memory System - news\"},{\"@type\":\"WebPage\",\"@id\":\"https:\/\/www.memsys.it\/news\/es\/memory-system-news-4\/#webpage\",\"url\":\"https:\/\/www.memsys.it\/news\/es\/memory-system-news-4\/\",\"name\":\"Memory System news - what's news on - presentaci\\u00f3n\",\"isPartOf\":{\"@id\":\"https:\/\/www.memsys.it\/news\/#website\"},\"primaryImageOfPage\":{\"@id\":\"https:\/\/www.memsys.it\/news\/es\/memory-system-news-4\/#primaryimage\"},\"datePublished\":\"2020-04-26T18:06:47+00:00\",\"dateModified\":\"2020-05-02T23:05:48+00:00\",\"description\":\"MEMORY SYSTEM NEWS: esta secci\\u00f3n del sitio web de Memory System, fue creada para alojar toda la informaci\\u00f3n y noticias relacionadas con el negocio ...\",\"breadcrumb\":{\"@id\":\"https:\/\/www.memsys.it\/news\/es\/memory-system-news-4\/#breadcrumb\"},\"inLanguage\":\"it-IT\",\"potentialAction\":[{\"@type\":\"ReadAction\",\"target\":[\"https:\/\/www.memsys.it\/news\/es\/memory-system-news-4\/\"]}]},{\"@type\":\"BreadcrumbList\",\"@id\":\"https:\/\/www.memsys.it\/news\/es\/memory-system-news-4\/#breadcrumb\",\"itemListElement\":[{\"@type\":\"ListItem\",\"position\":1,\"item\":{\"@type\":\"WebPage\",\"@id\":\"https:\/\/www.memsys.it\/news\/\",\"url\":\"https:\/\/www.memsys.it\/news\/\",\"name\":\"Home\"}},{\"@type\":\"ListItem\",\"position\":2,\"item\":{\"@id\":\"https:\/\/www.memsys.it\/news\/es\/memory-system-news-4\/#webpage\"}}]}]}<\/script>\r\n<!-- \/ Yoast SEO plugin. -->","_links":{"self":[{"href":"https:\/\/www.memsys.it\/news\/wp-json\/wp\/v2\/pages\/290"}],"collection":[{"href":"https:\/\/www.memsys.it\/news\/wp-json\/wp\/v2\/pages"}],"about":[{"href":"https:\/\/www.memsys.it\/news\/wp-json\/wp\/v2\/types\/page"}],"author":[{"embeddable":true,"href":"https:\/\/www.memsys.it\/news\/wp-json\/wp\/v2\/users\/1"}],"replies":[{"embeddable":true,"href":"https:\/\/www.memsys.it\/news\/wp-json\/wp\/v2\/comments?post=290"}],"version-history":[{"count":7,"href":"https:\/\/www.memsys.it\/news\/wp-json\/wp\/v2\/pages\/290\/revisions"}],"predecessor-version":[{"id":438,"href":"https:\/\/www.memsys.it\/news\/wp-json\/wp\/v2\/pages\/290\/revisions\/438"}],"wp:featuredmedia":[{"embeddable":true,"href":"https:\/\/www.memsys.it\/news\/wp-json\/wp\/v2\/media\/276"}],"wp:attachment":[{"href":"https:\/\/www.memsys.it\/news\/wp-json\/wp\/v2\/media?parent=290"}],"curies":[{"name":"wp","href":"https:\/\/api.w.org\/{rel}","templated":true}]}}